tors of 24731.
7, 3533
What are the prime factors of 30632?
2, 7, 547
What are the prime factors of 1754820?
2, 3, 5, 9749
List the prime factors of 636275.
5, 31, 821
What are the prime factors of 68933?
29, 2377
List the prime factors of 837437.
17, 49261
What are the prime factors of 7866201?
3, 7, 167, 2243
List the prime factors of 503549.
503549
What are the prime factors of 4196728?
2, 524591
List the prime factors of 5587930.
2, 5, 558793
List the prime factors of 569006.
2, 293, 971
List the prime factors of 16097766.
2, 3, 2682961
What are the prime factors of 16920890?
2, 5, 7, 241727
List the prime factors of 7466475.
3, 5, 113, 881
What are the prime factors of 27032967?
3, 13, 77017
List the prime factors of 112556.
2, 19, 1481
What are the prime factors of 904383?
3, 17, 23, 257
List the prime factors of 1505631.
3, 163, 3079
What are the prime factors of 16435122?
2, 3, 11, 249017
List the prime factors of 138884.
2, 34721
List the prime factors of 4651262.
2, 7, 11, 30203
What are the prime factors of 250835?
5, 13, 17, 227
List the prime factors of 6870101.
7, 981443
What are the prime factors of 135430?
2, 5, 29, 467
List the prime factors of 1796379.
3, 13, 46061
What are the prime factors of 1235853?
3, 353, 389
List the prime factors of 1294865.
5, 11, 13, 1811
What are the prime factors of 1429631?
7, 204233
List the prime factors of 922715.
5, 31, 5953
What are the prime factors of 802893?
3, 7, 13, 17, 173
What are the prime factors of 283364?
2, 70841
What are the prime factors of 2083381?
103, 113, 179
List the prime factors of 963425.
5, 89, 433
List the prime factors of 8592509.
8592509
List the prime factors of 36395.
5, 29, 251
List the prime factors of 8531407.
8531407
What are the prime factors of 21534057?
3, 31, 79, 977
What are the prime factors of 8207981?
19, 113, 3823
What are the prime factors of 246592?
2, 3853
List the prime factors of 37704.
2, 3, 1571
What are the prime factors of 1743449?
149, 11701
What are the prime factors of 3034200?
2, 3, 5, 13, 389
What are the prime factors of 8163650?
2, 5, 11, 14843
What are the prime factors of 6726402?
2, 3, 41521
List the prime factors of 662573.
79, 8387
What are the prime factors of 6099373?
7, 124477
List the prime factors of 734084.
2, 13, 19, 743
List the prime factors of 1966969.
1321, 1489
What are the prime factors of 4872540?
2, 3, 5, 17, 281
List the prime factors of 878010.
2, 3, 5, 7, 37, 113
List the prime factors of 6845236.
2, 443, 3863
What are the prime factors of 18418220?
2, 5, 19, 2551
List the prime factors of 156352.
2, 7, 349
List the prime factors of 97112.
2, 61, 199
What are the prime factors of 53616?
2, 3, 1117
What are the prime factors of 6119270?
2, 5, 611927
List the prime factors of 243895.
5, 48779
List the prime factors of 423857.
7, 151, 401
List the prime factors of 2879308.
2, 101, 7127
What are the prime factors of 1523340?
2, 3, 5, 7, 13, 31
List the prime factors of 572123.
59, 9697
What are the prime factors of 1243577?
1243577
List the prime factors of 18128867.
239, 75853
List the prime factors of 3818093.
3818093
List the prime factors of 61942.
2, 30971
List the prime factors of 809000.
2, 5, 809
List the prime factors of 273839.
41, 6679
List the prime factors of 215398.
2, 107699
What are the prime factors of 3780809?
23, 89, 1847
List the prime factors of 5297609.
263, 20143
List the prime factors of 1162134.
2, 3, 21521
List the prime factors of 24138692.
2, 1543, 3911
What are the prime factors of 5268060?
2, 3, 5, 7, 37, 113
List the prime factors of 519832.
2, 181, 359
What are the prime factors of 8854632?
2, 3, 23, 5347
What are the prime factors of 16788632?
2, 7, 409, 733
List the prime factors of 434060.
2, 5, 11, 1973
List the prime factors of 124119.
3, 4597
List the prime factors of 7348573.
17, 19, 22751
List the prime factors of 3357922.
2, 1678961
List the prime factors of 597992.
2, 17, 4397
What are the prime factors of 1708230?
2, 3, 5, 56941
List the prime factors of 7195457.
7195457
What are the prime factors of 15085496?
2, 47, 53, 757
List the prime factors of 644030.
2, 5, 64403
List the prime factors of 983706.
2, 3, 19, 8629
What are the prime factors of 7195193?
31, 232103
List the prime factors of 9596099.
9596099
What are the prime factors of 127460?
2, 5, 6373
What are the prime factors of 43162244?
2, 10790561
List the prime factors of 10435885.
5, 43, 48539
What are the prime factors of 6809355?
3, 5, 7, 21617
List the prime factors of 211336.
2, 26417
List the prime factors of 938194.
2, 71, 6607
What are the prime factors of 1686847?
43, 39229
What are the prime factors of 13757864?
2, 23, 74771
What are the prime factors of 652262?
2, 13, 25087
List the prime factors of 13595.
5, 2719
List the prime factors of 829102.
2, 41, 10111
What are the prime factors of 12370548?
2, 3, 599, 1721
What are the prime factors of 102711?
3, 7, 67, 73
What are the prime factors of 125554?
2, 11, 13, 439
What are the prime factors of 1058778?
2, 3, 7, 2801
What are the prime factors of 6304131?
3, 700459
List the prime factors of 1215596.
2, 23, 73, 181
What are the prime factors of 2790508?
2, 7, 99661
List the prime factors of 205826.
2, 102913
List the prime factors of 2570209.
97, 26497
What are the prime factors of 3174030?
2, 3, 5, 35267
What are the prime factors of 321053?
321053
List the prime factors of 190123.
31, 6133
List the prime factors of 387048.
2, 3, 16127
List the prime factors of 34501.
34501
List the prime factors of 18965567.
18965567
List the prime factors of 115510.
2, 5, 11551
List the prime factors of 10226797.
7, 1460971
List the prime factors of 485792.
2, 17, 19, 47
List the prime factors of 254440.
2, 5, 6361
List the prime factors of 112187.
43, 2609
What are the prime factors of 22676402?
2, 7, 17, 95279
What are the prime factors of 367406?
2, 13, 1087
What are the prime factors of 20624275?
5, 7, 67, 1759
List the prime factors of 508702.
2, 347, 733
What are the prime factors of 7366906?
2, 3683453
List the prime factors of 16888692.
2, 3, 1407391
What are the prime factors of 120570?
2, 3, 5, 4019
List the prime factors of 1422380.
2, 5, 71119
What are the prime factors of 334772?
2, 127, 659
List the prime factors of 298954.
2, 23, 67, 97
List the prime factors of 517345.
5, 107, 967
List the prime factors of 993625.
5, 7949
What are the prime factors of 301496?
2, 13, 223
What are the prime factors of 177065?
5, 7, 5059
What are the prime factors of 13949601?
3, 67, 69401
What are the prime factors of 69783?
3, 7, 3323
What are the prime factors of 5687847?
3, 11, 1741
List the prime factors of 373984.
2, 13, 29, 31
List the prime factors of 3300341.
11, 197, 1523
What are the prime factors of 9869547?
3, 3289849
List the prime factors of 717937.
11, 65267
What are the prime factors of 1355952?
2, 3, 13, 41, 53
What are the prime factors of 60210?
2, 3, 5, 223
What are the prime factors of 6293550?
2, 3, 5, 41957
List the prime factors of 24635355.
3, 5, 29, 56633
What are the prime factors of 64366?
2, 32183
What are the prime factors of 14198427?
3, 73, 21611
What are the prime factors of 557898?
2, 3, 11, 79, 107
What are the prime factors of 3370976?
2, 7, 101, 149
What are the prime factors of 5004561?
3, 257, 6491
What are the prime factors of 1171663?
47, 97, 257
List the prime factors of 19657955.
5, 877, 4483
What are the prime factors of 83280?
2, 3, 5, 347
List the prime factors of 8672082.
2, 3, 71, 20357
What are the prime factors of 1539085?
5, 307817
List the prime factors of 1379565.
3, 5, 11, 929
List the prime factors of 244491.
3, 13, 6269
What are the prime factors of 9841471?
47, 209393
List the prime factors of 896531.
896531
What are the prime factors of 14039301?
3, 4679767
List the prime factors of 3387232.
2, 151, 701
What are the prime factors of 1422928?
2, 13, 6841
What are the prime factors of 3497368?
2, 7, 19, 173
List the prime factors of 5185200.
2, 3, 5, 29, 149
What are the prime factors of 6902441?
7, 13, 101, 751
What are the prime factors of 704634?
2, 3, 7, 19, 883
List the prime factors of 6400233.
3, 7, 23, 631
What are the prime factors of 22501710?
2, 3, 5, 7, 11, 17, 191
List the prime factors of 31959